128*m + 150. Let t(y) = 26*y - 30. Let l(p) = -3*r(p) - 14*t(p). Let n(x) = -11*b(x) - 6*l(x). Determine n(0).
4
Let m = -2 + 4. Let f(q) = 4 - q**2 + 8*q + 4*q**m - 2*q**2 - 15. Let k be f(-9). Let h(z) = -3*z - 2. Determine h(k).
4
Let b(c) be the third derivative of c**4/6 + c**3/2 - 9760*c**2. Let g(p) = p**2 + 6*p + 3. Let l be g(-5). Give b(l).
-5
Let z = -561 + 564. Let u(f) = 2*f**2 - 11. What is u(z)?
7
Let n(m) = m**2 + 8*m + 35. Suppose 4*j - 2*j - 4*f = -2, 3*j = 2*f - 15. Let q be n(j). Let o be (6 + q/(-8))/(1/(-2)). Let u(b) = 2*b + 5. Determine u(o).
-5
Let k be (6 + -3)/((-3)/(-4)) + -2. Let z(w) = 170 + w**3 + 6*w**k - 3*w - 171 + 4*w. Give z(-6).
-7
Let k(d) be the second derivative of d**5/60 + 7*d**4/24 + 2*d**3/3 - 48*d**2 - 35*d. Let f(i) be the first derivative of k(i). Determine f(-3).
-8
Let m(h) = 61*h - 187*h + 64*h + 14*h**2 + 65*h + 14 - 6. Let b(t) = 19*t**2 + 2*t + 8. Let j(k) = -3*b(k) + 4*m(k). Calculate j(6).
8
Suppose 10*i - 63 = -11*i. Let w be 62/22 + 26/143. Let a(o) = -2*o**2 + w - o**3 - 5*o + 18*o**2 - 12*o**2. What is a(i)?
-3
Let q(h) = 7*h**3 - 3*h**2 - 4. Let d(t) = -t**2 - 1. Let p(a) = -3*d(a) + q(a). Let j = -5 - -1. Let s be j/10 - 35/(-25). What is p(s)?
6
Let s(m) be the first derivative of -m**4/3 - m**2 - 2*m + 59. Let i(o) be the second derivative of s(o). Give i(2).
-16
Let l(i) be the first derivative of -1 - 5*i**2 - 1/3*i**3 - 14*i. Let s be l(-9). Let b(a) = a + 3. What is b(s)?
-2
Let u(q) = -86 + 271 + 3*q - 79 + q. Determine u(-28).
-6
Suppose -5*c = -5*a + 15, -3*a + 8*a = 4*c + 14. Let q be ((-5)/10)/(-1)*a - 0. Let x(o) = 11*o**2 + 18*o - 18*o. What is x(q)?
11
Let a(q) be the second derivative of q**4/12 + 17*q**3/3 + 36*q**2 + q - 116. Determine a(-32).
8
Let l(j) = -7*j**3 - j**2 + 3*j + 3. Let d = 10090 + -10091. What is l(d)?
6
Let q(b) be the second derivative of b**8/6720 + b**7/210 - b**4/6 - 27*b**3/2 - 3*b + 10. Let s(j) be the third derivative of q(j). What is s(-12)?
0
Let i(a) be the first derivative of -a**3/3 - 4*a**2 + 3*a + 2. Let s(o) = o**2 - 210*o - 4360. Let f be s(-19). Give i(f).
-6
Suppose -y + 563 = 538. Suppose 0 = -4*i - 3*o - 13, 84*o + y = 89*o. Let x(f) = -2*f + 8. What is x(i)?
22
Let u(i) = 14*i - 56. Let d be 184/(-161)*63/(-18). Determine u(d).
0
Suppose -4*v + 3 = -7*v. Let c(a) = 116*a - 719. Let r(i) = -38*i + 227. Let j(o) = 6*c(o) + 19*r(o). Determine j(v).
25
Let g be (-7 + 7)/(-4 - (-3 - 0)). Let o(v) be the third derivative of 0*v**3 + 0 - 9*v**2 + 0*v**4 + 1/60*v**5 + 0*v. Determine o(g).
0
Let m be (6/8)/((-253)/44 - -6). Let n(x) = -x**m - 3 - 4*x - 207*x**2 - 1 + 2*x**3 + 210*x**2. Calculate n(-4).
-4
Let t(j) = -16 + 4*j**2 + 11 - 594*j + 596*j. Determine t(4).
67
Let h be (-572)/(-156) + -3*(-4)/(-18). Suppose -4*z + 2*j + 2*j = -32, -2*j = z - 20. Let l(f) = 2 + 4*f - 15*f**2 + 26*f**2 - z*f**2. What is l(h)?
5
Let x = 127198 - 127206. Let z(t) = -7*t - 17. Let i(f) = -f - 1. Let u(n) = -6*i(n) + z(n). Give u(x).
-3
Let t(a) = -268*a**3 - 9*a + 8. Let f be t(1). Let w = -270 - f. Let l(i) = -7*i**2 - 1. Determine l(w).
-8
Let z(r) = -557*r + 4460. Let l be z(8). Let m(d) = -3*d**2 + 6*d - 4. Calculate m(l).
-28
Let r(c) = 4*c**2 - c + 1. Let s(i) = i**2 - 7*i + 14. Let f = -2 + 6. Let m be s(f). Suppose m*k + 5 = 7*k. Give r(k).
4
Let l(b) = b**2 + 57*b - 830. Suppose 0 = -240*r + 3999 - 1119. Determine l(r).
-2
Let v(g) be the first derivative of -g**4/4 + 5*g**3/3 - 2*g**2 - 9*g - 4321. What is v(3)?
-3
Let d(l) = -142206*l**2 + 2*l + 10 + 71103*l**2 + 71102*l**2. What is d(-4)?
-14
Let z(i) be the second derivative of 5/12*i**4 + 4 + 1/20*i**5 - i**2 - 8*i + 1/6*i**3. Give z(-3).
13
Let t(f) = -5*f + 112. Let m be t(22). Let k(r) = 2 + 53*r**m - 24*r**2 - 3*r - r**3 - 35*r**2. Let g(i) = -i**2 - 2*i + 3. Let q be g(-4). Give k(q).
-8
Let k(w) = 2*w**2 - 19*w - 6. Let h = -1137 - -1146. What is k(h)?
-15
Let f be -18 - -21 - (-3 + 7 - -7). Let w(x) = -x**3 - 8*x**2 + 6*x + 43. What is w(f)?
-5
Let a(k) = 29*k**2 - 4*k. Suppose -5*g + 26 = -3*o, -307*o + 311*o + 32 = 4*g. Calculate a(g).
25
Suppose 277*u = 279*u - 2. Let i(n) be the first derivative of 13*n**4/4 - n**3/3 - 9. What is i(u)?
12
Let b(k) = 3*k - 94. Let z be b(34). Let i(x) = 11 + 12*x**3 - 22 + z*x - 9*x**2 - 11*x**3. Give i(8).
-11
Let a = -10 + 1. Let f = 2 + a. Let o(m) = -m**2 + 46*m - 5. Let j(y) = -3*y**2 + 129*y - 15. Let p(z) = -6*j(z) + 17*o(z). What is p(f)?
-2
Let h = -47/23 + 164/69. Let z(v) be the first derivative of -2*v - h*v**3 + 9/2*v**2 - 1. Determine z(9).
-2
Let l be 2 + 110/70 - 12/(-28). Let i(p) = -p. Determine i(l).
-4
Let l(r) be the third derivative of 0*r + 1/24*r**4 - 2/3*r**3 + 7*r**2 + 0 + 1/12*r**5 - 1/120*r**6. Suppose -5*a + 34 = 9. Calculate l(a).
1
Let w = -25279 + 25279. Let t(u) be the third derivative of 18*u**2 + w - 1/60*u**5 - 5/24*u**4 + 0*u + 1/2*u**3. Calculate t(-5).
3
Let k(w) = w**2 + 26*w + 1. Let b(a) = -27*a. Let f(u) = 6*b(u) + 5*k(u). What is f(6)?
-7
Let x(t) = -3*t + 179. Let p(y) = y - 52. Let q(f) = -7*p(f) - 2*x(f). Give q(-4).
10
Let p = 248 + -180. Let g(k) = k + 68 - p. Determine g(-2).
-2
Let n(h) = -9*h**2 + 4*h - 20. Let v be 5/((-120)/162) - (-2)/(-8). Let g(z) = -5*z**2 + z - 10. Let f(q) = v*g(q) + 4*n(q). Determine f(8).
-2
Let h = 143 + -138. Suppose 2*u = -0*u + 2*w - 8, -4*u + 5*w = 20. Suppose -6*i + 31 + h = u. Let j(f) = -f**3 + 7*f**2 - 9*f + 5. Determine j(i).
-13
Let h(o) = 8*o**3 - 61*o**2 - 24*o + 20. Let i be h(8). Let k(n) = -n**3 + 21*n**2 - 18*n - 63. Calculate k(i).
-23
Let m(y) be the third derivative of y**6/180 - y**5/40 + y**4/24 + y**3/3 - 62*y**2. Let w(a) be the first derivative of m(a). What is w(4)?
21
Let s = 7950 - 7963. Let t(c) = -3*c - 15. Calculate t(s).
24
Let j(p) be the second derivative of p**5/20 + 31*p**4/12 - p**3/3 - 38*p**2 + 782*p. Determine j(-31).
-14
Let o be (154/(-8))/((-1008)/576). Let b(u) = 2*u - 30. What is b(o)?
-8
Let b(r) = -r + 18. Let i = 314 + -240. Suppose 2*a = 4*n + 26, -11*a + 6*a + i = -n. Determine b(a).
3
Let a(o) = o**2 + 5*o + 2. Let k be a(-5). Let t be 61 + (-16)/(-8)*3/k. Let h = t + -61. Let q(n) = n**3 - 2*n**2 - n - 3. Determine q(h).
3
Let g(a) be the second derivative of a**4/6 - 4*a**3/3 - 13*a**2 - a + 433. Determine g(6).
-2
Let w(z) = -3*z**2 + 176*z + 957. Let v be w(-5). Let f(o) = 10*o**3 - 15*o**2 + 5*o - 4. Calculate f(v).
26
Suppose 5 - 1 = 2*x. Suppose 4*m - 2 = x. Let u(o) = -50*o - 210. Let g(z) = 7*z + 28. Let j(p) = 15*g(p) + 2*u(p). Calculate j(m).
5
Let i(c) = 11*c**3 - 8*c**2 + 2*c + 43. Let l(r) = -7*r**3 + 4*r**2 - r - 29. Let u(d) = 5*i(d) + 8*l(d). Calculate u(-8).
-33
Let i(x) = x**3 + 5*x**2 - 108*x - 665. Let n be i(-7). Let b(c) = c**2 + 19*c + 23. What is b(n)?
-61
Let d(j) = j**2 + 4*j - 5. Let k(c) = c**3 + 7*c**2 + 7*c + 9. Let s be k(-6). Let g(i) = 1 - 7 + s*i**2 - 11*i**2 + 1 - i**3. Let b be g(-8). Give d(b).
0
Let w(o) = o + 2. Let p = -9 - -34. Suppose 5 = v - 5*t, -5*v = -4*t - 0*t - p. Suppose 5*q - 29 = -2*n, 2*q - 2 = -n + v*n. Give w(q).
7
Let o(k) = k**2 - 8*k + 12. Suppose -l - 3*h + 87 = 0, -2*l = -5*l - 5*h + 241. Let p be (3*1)/(27/l). Give o(p).
12
Let z = -14 - -20. Suppose i = 4*l - 9, -i - 6 = -6*i + 3*l. Let w(k) = -2*k**2 - 3*k - 10*k**2 + 6*k**2 + k**i. Determine w(z).
-18
Let u(n) = -n**3 + 46*n**2 - 331*n - 21. Let l be u(9). Suppose -5*x = -0*x - 10. Let v(q) = -4*q**2 - q**2 + 3*q**2 - x + q**2 - 5*q. What is v(l)?
4
Let w(o) = -3 + 10 - 17*o - 2*o**2 + 34 - 19. Give w(-9).
13
Let x(h) = -2*h + 5. Let m(p) = -2*p**2 + 6*p + 7. Let y(b) = -b**3 - 2*b**2 + 7*b + 8. Let n(f) = 5*m(f) - 4*y(f). Let c be n(-1). What is x(c)?
15
Let d(q) = 6*q + 2. Let r(c) = 11*c + 2. Suppose v = 3*l + 6, 4*l + 21 = 9. Let s(k) = v*r(k) + 5*d(k). Let j(f) = 5*f**2 + 1. Let h be j(-1). Determine s(h).
-14
Let w = -98 - -100. Suppose -2*n - 5*o = 14, -w*o + 11 = n + 19. Let b(f) = -f**3 - 13*f**2 - 11*f + 7. Give b(n).
-5
Let h(b) = 23*b**2 + b. Let n(s) = 7*s**2 + 3*s + 2. Let d be n(-1). Suppose 187 = -d*y - 83. Let x = -44 - y. Calculate h(x).
24
Let y(n) = n**2 - 6*n + 6. Let u be (-128)/(6*7/168). Let t = -508 - u. Calculate y(t).
-2
Let c(p) = -46*p - 1. Let a(s) = 32*s + 1. Let o(u)